{"id":262,"date":"2022-09-21T14:02:37","date_gmt":"2022-09-21T12:02:37","guid":{"rendered":"https:\/\/sv-jersleben.de\/?page_id=262"},"modified":"2026-01-10T13:12:21","modified_gmt":"2026-01-10T12:12:21","slug":"sektionen","status":"publish","type":"page","link":"https:\/\/sv-jersleben.de\/?page_id=262","title":{"rendered":"Sektionen"},"content":{"rendered":"\n<div style=\"height:30px\" aria-hidden=\"true\" class=\"wp-block-spacer\"><\/div>\n\n\n\n<div class=\"wp-block-columns is-layout-flex wp-container-core-columns-is-layout-9d6595d7 wp-block-columns-is-layout-flex\">\n<div class=\"wp-block-column is-layout-flow wp-block-column-is-layout-flow\">\n<figure class=\"wp-block-image size-full\"><a class=\"fancybox\" href=\"https:\/\/sv-jersleben.de\/wp-content\/uploads\/2022\/09\/bogen-2_640.jpg\"><img loading=\"lazy\" decoding=\"async\" width=\"640\" height=\"426\" src=\"https:\/\/sv-jersleben.de\/wp-content\/uploads\/2022\/09\/bogen-2_640.jpg\" alt=\"\" class=\"wp-image-314\" srcset=\"https:\/\/sv-jersleben.de\/wp-content\/uploads\/2022\/09\/bogen-2_640.jpg 640w, https:\/\/sv-jersleben.de\/wp-content\/uploads\/2022\/09\/bogen-2_640-300x200.jpg 300w\" sizes=\"auto, (max-width: 640px) 100vw, 640px\" \/><\/a><figcaption style=\"text-align:left; padding-left:10px;\">Bogenstand<\/figcaption><\/figure>\n<\/div>\n\n\n\n<div class=\"wp-block-column is-layout-flow wp-block-column-is-layout-flow\">\n<p><a href=\"https:\/\/sv-jersleben.de\/?page_id=330\">Bogenschie\u00dfen<\/a><\/p>\n\n\n\n<p>Auf unserem Bogenplatz k\u00f6nnen entsprechend der Fita die Entfernungen von 30m, 50m, 70m und 90 m geschossen werden. Auch beim Bogenschiessen z\u00e4hlt bei uns Vielseitigkeit. Egal ob Longbow, Olympic \u2026<\/p>\n<\/div>\n<\/div>\n\n\n\n<div style=\"height:30px\" aria-hidden=\"true\" class=\"wp-block-spacer\"><\/div>\n\n\n\n<div class=\"wp-block-columns is-layout-flex wp-container-core-columns-is-layout-9d6595d7 wp-block-columns-is-layout-flex\">\n<div class=\"wp-block-column is-layout-flow wp-block-column-is-layout-flow\">\n<p><a href=\"https:\/\/sv-jersleben.de\/?page_id=348\" data-type=\"page\" data-id=\"348\">Luftdruckwaffen<\/a><\/p>\n\n\n\n<p>Der Luftdruckstand verf\u00fcgt \u00fcber 5 Bahnen und ist mit einer Seilzuganlage ausgestattet. Er ist zugelassen f\u00fcr Luftdruckwaffen und Armbrust bis Kaliber 4,5 und 7,5 Joule bzw. 180 lbs.<\/p>\n<\/div>\n\n\n\n<div class=\"wp-block-column is-vertically-aligned-top is-layout-flow wp-block-column-is-layout-flow\">\n<figure class=\"wp-block-image size-full\"><a class=\"fancybox\" href=\"https:\/\/sv-jersleben.de\/wp-content\/uploads\/2022\/09\/seite-druckluftwaffe-2_640.jpg\"><img loading=\"lazy\" decoding=\"async\" width=\"427\" height=\"292\" src=\"https:\/\/sv-jersleben.de\/wp-content\/uploads\/2022\/09\/seite-druckluftwaffe-2_640.jpg\" alt=\"\" class=\"wp-image-341\" srcset=\"https:\/\/sv-jersleben.de\/wp-content\/uploads\/2022\/09\/seite-druckluftwaffe-2_640.jpg 427w, https:\/\/sv-jersleben.de\/wp-content\/uploads\/2022\/09\/seite-druckluftwaffe-2_640-300x205.jpg 300w\" sizes=\"auto, (max-width: 427px) 100vw, 427px\" \/><\/a><figcaption style=\"text-align:left; padding-left:10px;\">Luftdruckstand<\/figcaption><\/figure>\n<\/div>\n<\/div>\n\n\n\n<div style=\"height:30px\" aria-hidden=\"true\" class=\"wp-block-spacer\"><\/div>\n\n\n\n<div class=\"wp-block-columns is-layout-flex wp-container-core-columns-is-layout-9d6595d7 wp-block-columns-is-layout-flex\">\n<div class=\"wp-block-column is-vertically-aligned-top is-layout-flow wp-block-column-is-layout-flow\">\n<figure class=\"wp-block-image is-resized size-full\"><a class=\"fancybox\" href=\"https:\/\/sv-jersleben.de\/wp-content\/uploads\/2022\/09\/seite-kurz-und-langwaffe_640.jpg\"><img loading=\"lazy\" decoding=\"async\" width=\"282\" height=\"211\" src=\"https:\/\/sv-jersleben.de\/wp-content\/uploads\/2022\/09\/seite-kurz-und-langwaffe_640.jpg\" alt=\"\" class=\"wp-image-350\" style=\"width:1600px\"\/><\/a><figcaption style=\"text-align:left; padding-left:10px;\">Kugelstand<\/figcaption><\/figure>\n<\/div>\n\n\n\n<div class=\"wp-block-column is-layout-flow wp-block-column-is-layout-flow\">\n<p><a href=\"https:\/\/sv-jersleben.de\/?page_id=351\" data-type=\"page\" data-id=\"351\">Kurz- und Langwaffen<\/a><\/p>\n\n\n\n<p>Der Luftdruckstand verf\u00fcgt \u00fcber 5 Bahnen und ist mit einer Seilzuganlage ausgestattet. Er ist zugelassen f\u00fcr Luftdruckwaffen und Armbrust bis Kaliber 4,5 und 7,5 Joule bzw. 180 lbs.<\/p>\n<\/div>\n<\/div>\n\n\n\n<div style=\"height:30px\" aria-hidden=\"true\" class=\"wp-block-spacer\"><\/div>\n\n\n\n<p style=\"float: right;\"><a href=\"https:\/\/sv-jersleben.de\/?page_id=330\">BOGENSCHIESSEN &#8594;<\/a><\/p>\n","protected":false},"excerpt":{"rendered":"<p>Bogenstand Bogenschie\u00dfen Auf unserem Bogenplatz k\u00f6nnen entsprechend der Fita die Entfernungen von 30m, 50m, 70m und 90 m geschossen werden. Auch beim Bogenschiessen z\u00e4hlt bei uns Vielseitigkeit. Egal ob Longbow, Olympic \u2026 Luftdruckwaffen Der Luftdruckstand verf\u00fcgt \u00fcber 5 Bahnen und ist mit einer Seilzuganlage ausgestattet. Er ist zugelassen f\u00fcr Luftdruckwaffen und Armbrust bis Kaliber 4,5 und 7,5 Joule bzw. 180 lbs. Luftdruckstand Kugelstand Kurz- und Langwaffen Der Luftdruckstand verf\u00fcgt \u00fcber 5 Bahnen und ist mit einer Seilzuganlage ausgestattet. Er ist zugelassen f\u00fcr Luftdruckwaffen und Armbrust bis Kaliber 4,5 und 7,5 Joule bzw. 180 lbs. BOGENSCHIESSEN &#8594;<\/p>\n","protected":false},"author":24,"featured_media":0,"parent":0,"menu_order":0,"comment_status":"closed","ping_status":"closed","template":"","meta":{"_cbd_carousel_blocks":"[]","footnotes":""},"categories":[],"tags":[],"class_list":["post-262","page","type-page","status-publish","hentry"],"publishpress_future_workflow_manual_trigger":{"enabledWorkflows":[]},"_links":{"self":[{"href":"https:\/\/sv-jersleben.de\/index.php?rest_route=\/wp\/v2\/pages\/262","targetHints":{"allow":["GET"]}}],"collection":[{"href":"https:\/\/sv-jersleben.de\/index.php?rest_route=\/wp\/v2\/pages"}],"about":[{"href":"https:\/\/sv-jersleben.de\/index.php?rest_route=\/wp\/v2\/types\/page"}],"author":[{"embeddable":true,"href":"https:\/\/sv-jersleben.de\/index.php?rest_route=\/wp\/v2\/users\/24"}],"replies":[{"embeddable":true,"href":"https:\/\/sv-jersleben.de\/index.php?rest_route=%2Fwp%2Fv2%2Fcomments&post=262"}],"version-history":[{"count":86,"href":"https:\/\/sv-jersleben.de\/index.php?rest_route=\/wp\/v2\/pages\/262\/revisions"}],"predecessor-version":[{"id":18782,"href":"https:\/\/sv-jersleben.de\/index.php?rest_route=\/wp\/v2\/pages\/262\/revisions\/18782"}],"wp:attachment":[{"href":"https:\/\/sv-jersleben.de\/index.php?rest_route=%2Fwp%2Fv2%2Fmedia&parent=262"}],"wp:term":[{"taxonomy":"category","embeddable":true,"href":"https:\/\/sv-jersleben.de\/index.php?rest_route=%2Fwp%2Fv2%2Fcategories&post=262"},{"taxonomy":"post_tag","embeddable":true,"href":"https:\/\/sv-jersleben.de\/index.php?rest_route=%2Fwp%2Fv2%2Ftags&post=262"}],"curies":[{"name":"wp","href":"https:\/\/api.w.org\/{rel}","templated":true}]}}