{"id":740,"date":"2022-09-21T15:27:18","date_gmt":"2022-09-21T13:27:18","guid":{"rendered":"https:\/\/sv-jersleben.de\/?page_id=740"},"modified":"2024-06-07T18:59:31","modified_gmt":"2024-06-07T16:59:31","slug":"impressum-links","status":"publish","type":"page","link":"https:\/\/sv-jersleben.de\/?page_id=740","title":{"rendered":"Impressum | Links"},"content":{"rendered":"\n<div style=\"height:30px\" aria-hidden=\"true\" class=\"wp-block-spacer\"><\/div>\n\n\n\n<h2 class=\"wp-block-heading\">Die Verantwortlichen:<\/h2>\n\n\n\n<p><strong>Sch\u00fctzenverein Jersleben e.V.<\/strong><br>Zum Broeck 1, 39326 Jersleben<strong><br><\/strong><em>Registergericht: Amtsgericht Stendal<br>Registernummer: VR 68283<\/em><\/p>\n\n\n\n<p>Mitglied des <a href=\"http:\/\/www.dsb.de\/start\/\" target=\"_blank\" rel=\"noreferrer noopener\">Deutschen Sch\u00fctzen-Bundes<\/a> und des <a href=\"https:\/\/www.lsb-sachsen-anhalt.de\/\" target=\"_blank\" rel=\"noreferrer noopener\">Landessportbundes<\/a>.<\/p>\n\n\n\n<p><strong><em>Postanschrift:<\/em><\/strong><em><br>Sch\u00fctzenverein Jersleben e.V.<br>\u2105 Ralf Geipel<br>Marienborner Str. 14<br>39110 Magdeburg<\/em><\/p>\n\n\n\n<p><strong><em>Vorsitzender<\/em><\/strong><em>&nbsp;<br>Ralf Geipel<br>Marienborner Stra\u00dfe 14<br>39110 Magdeburg<br>e-mail: vorsitzender ( at ) sv-jersleben.de<\/em><\/p>\n\n\n\n<p><strong><em>Schatzmeister<\/em><\/strong><em><br>Marion Geipel<br>Marienborner Stra\u00dfe 14<br>39110 Magdeburg<br>e-mail: schatzmeister ( at ) sv-jersleben.de<\/em><\/p>\n\n\n\n<p><strong><em>Schriftf\u00fchrer<\/em><\/strong><em><br>Ralf Schuppe<br>L\u00fcttgen Ottersleben 14<br>39116 Magdeburg<br>e-mail: schriftfuehrer ( at ) sv-jersleben.de<\/em><\/p>\n\n\n\n<p><strong><em>Sportleiter<br><\/em><\/strong><em>Sascha Erdmann<\/em><em><br>email: sportleiter ( at ) sv-jersleben.de&nbsp;<\/em><\/p>\n\n\n\n<p><strong><em>Ansprechpartner f\u00fcr die Webseite\/ Webmaster<\/em><\/strong><em><br>SV Jersleben e.V.<br>email: webmaster ( at ) sv-jersleben.de<\/em><\/p>\n\n\n\n<p>Diese Seiten unterliegen unserem Copyright . Vervielf\u00e4ltigung, Kopie oder Weitergabe der Inhalte ist nur mit ausdr\u00fccklicher Genehmigung in Schriftform gestattet.&nbsp;<\/p>\n\n\n\n<p>F\u00fcr unangefordert eingeschicktes Material kann keine Haftung \u00fcbernommen werden.<\/p>\n\n\n\n<div style=\"height:30px\" aria-hidden=\"true\" class=\"wp-block-spacer\"><\/div>\n\n\n\n<h2 class=\"wp-block-heading\">Haftungsausschluss | Links<\/h2>\n\n\n\n<p><strong>Inhalt des Online-Angebots<\/strong><\/p>\n\n\n\n<p>Der&nbsp;<strong>Sch\u00fctzenverein Jersleben<\/strong>&nbsp;ist stets bem\u00fcht, qualitativ hochwertige Informationen zur Verf\u00fcgung zu stellen. Dennoch \u00fcbernehmen wir keinerlei Gew\u00e4hr f\u00fcr die Aktualit\u00e4t, Korrektheit, Vollst\u00e4ndigkeit, Qualit\u00e4t oder Verf\u00fcgbarkeit der bereitgestellten Informationen.&nbsp;<\/p>\n\n\n\n<p>Haftungsanspr\u00fcche gegen die Betreiber der Website, die sich auf Sch\u00e4den materieller oder ideeller Art beziehen, welche durch die Nutzung oder Nichtnutzung der dargebotenen Informationen bzw. durch die Nutzung fehlerhafter und unvollst\u00e4ndiger Informationen verursacht wurden sind grunds\u00e4tzlich ausgeschlossen, sofern seitens der Betreiber kein nachweislich vors\u00e4tzliches oder grob fahrl\u00e4ssiges Verschulden vorliegt. Alle Angebote sind freibleibend und unverbindlich.&nbsp;<\/p>\n\n\n\n<p>Wir behalten es uns ausdr\u00fccklich vor, Teile der Seiten oder das gesamte Angebot ohne gesonderte Ank\u00fcndigung zu ver\u00e4ndern, zu erg\u00e4nzen, zu l\u00f6schen oder die Ver\u00f6ffentlichung zeitweise oder endg\u00fcltig einzustellen.<\/p>\n\n\n\n<p><strong>Verweise und Links<\/strong><\/p>\n\n\n\n<p>Sofern auf Verweisziele direkt oder indirekt durch Links verwiesen wird, die au\u00dferhalb des Verantwortungsbereichs der Betreiber liegen, haftet dieser nur dann, wenn er von den Inhalten Kenntnis hatte und es technisch m\u00f6glich und zumutbar w\u00e4re, die Nutzung im Falle rechtswidriger Inhalte zu verhindern.<\/p>\n\n\n\n<p>Wir erkl\u00e4ren hiermit ausdr\u00fccklich, dass zum Zeitpunkt der Linksetzung keine illegalen Inhalte auf den zu verlinkenden Seiten erkennbar waren. Auf die aktuelle und zuk\u00fcnftige Gestaltung, die Inhalte oder die Urheberschaft der verlinkten\/verkn\u00fcpften Seiten hat der Autor keinerlei Einfluss.<\/p>\n\n\n\n<p>F\u00fcr dar\u00fcber hinausgehende Inhalte und insbesondere f\u00fcr Sch\u00e4den, die aus der Nutzung oder Nichtnutzung solcherart dargebotener Informationen entstehen, haftet allein der Anbieter dieser Seiten, nicht derjenige, der \u00fcber Links auf die jeweilige Ver\u00f6ffentlichung verweist. Diese Einschr\u00e4nkung gilt gleicherma\u00dfen auch f\u00fcr Fremdeintr\u00e4ge in G\u00e4steb\u00fcchern und Foren.&nbsp;<\/p>\n\n\n\n<p>Wir verwenden Links nur, um unseren Besuchern die M\u00f6glichkeit zu geben, sich weitere Informationen zu beschaffen. Ein Link bedeutet jedoch nicht, dass wir die entsprechenden fremden Seiten empfehlen oder dass wir uns die Inhalte zu eigen machen.<\/p>\n\n\n\n<p><strong>Rechtswirksamkeit des Haftungsausschlusses<\/strong><\/p>\n\n\n\n<p>Dieser Haftungsausschluss ist Teil unseres Internetangebots, von dem auf diesen verwiesen wurde. Falls Teile oder Formulierungen des Texts nicht, nicht mehr oder nicht vollst\u00e4ndig der geltenden Rechtslage entsprechen sollten, bleiben die \u00fcbrigen Teile des Dokumentes in ihrem Inhalt und ihrer G\u00fcltigkeit davon unber\u00fchrt.<\/p>\n\n\n\n<div style=\"height:30px\" aria-hidden=\"true\" class=\"wp-block-spacer\"><\/div>\n\n\n\n<h2 class=\"wp-block-heading\" id=\"svj-links\">Links<\/h2>\n\n\n\n<p><a href=\"http:\/\/ksv-ohrekreis.de\/\" target=\"_blank\" rel=\"noreferrer noopener\">Kreissch\u00fctzenverband Ohre-Kreis von 1993 e.V.<\/a><\/p>\n\n\n\n<p><a rel=\"noreferrer noopener\" href=\"http:\/\/www.kssv-boerde.de\/\" target=\"_blank\">Kreissportsch\u00fctzenverband B\u00f6rde von 1990 e.V.<\/a><\/p>\n\n\n\n<p><a href=\"https:\/\/www.sv-st.de\" target=\"_blank\" rel=\"noreferrer noopener\">Landessch\u00fctzenverband Sachsen &#8211; Anhalt e.V.<\/a><\/p>\n\n\n\n<p><a rel=\"noreferrer noopener\" href=\"https:\/\/www.lsb-sachsen-anhalt.de\/\" target=\"_blank\">Landessportbund Sachsen &#8211; Anhalt<\/a><\/p>\n\n\n\n<p><a href=\"http:\/\/www.dsb.de\/start\/\" target=\"_blank\" rel=\"noreferrer noopener\">Deutscher Sch\u00fctzenbund<\/a><\/p>\n\n\n\n<div style=\"height:30px\" aria-hidden=\"true\" class=\"wp-block-spacer\"><\/div>\n","protected":false},"excerpt":{"rendered":"<p>Die Verantwortlichen: Sch\u00fctzenverein Jersleben e.V.Zum Broeck 1, 39326 JerslebenRegistergericht: Amtsgericht StendalRegisternummer: VR 68283 Mitglied des Deutschen Sch\u00fctzen-Bundes und des Landessportbundes. Postanschrift:Sch\u00fctzenverein Jersleben e.V.\u2105 Ralf GeipelMarienborner Str. 1439110 Magdeburg Vorsitzender&nbsp;Ralf GeipelMarienborner Stra\u00dfe 1439110 Magdeburge-mail: vorsitzender ( at ) sv-jersleben.de SchatzmeisterMarion GeipelMarienborner Stra\u00dfe 1439110 Magdeburge-mail: schatzmeister ( at ) sv-jersleben.de Schriftf\u00fchrerRalf SchuppeL\u00fcttgen Ottersleben 1439116 Magdeburge-mail: schriftfuehrer ( at ) sv-jersleben.de SportleiterSascha Erdmannemail: sportleiter ( at ) sv-jersleben.de&nbsp; Ansprechpartner f\u00fcr die Webseite\/ WebmasterSV Jersleben e.V.email: webmaster ( at ) sv-jersleben.de Diese Seiten unterliegen unserem Copyright . Vervielf\u00e4ltigung, Kopie oder Weitergabe der Inhalte ist nur mit ausdr\u00fccklicher Genehmigung in Schriftform gestattet.&nbsp; F\u00fcr unangefordert eingeschicktes Material kann keine Haftung \u00fcbernommen werden. Haftungsausschluss | Links Inhalt des Online-Angebots Der&nbsp;Sch\u00fctzenverein Jersleben&nbsp;ist stets bem\u00fcht, qualitativ hochwertige Informationen zur Verf\u00fcgung zu stellen. Dennoch \u00fcbernehmen wir keinerlei Gew\u00e4hr f\u00fcr die Aktualit\u00e4t, Korrektheit, Vollst\u00e4ndigkeit, Qualit\u00e4t oder Verf\u00fcgbarkeit der bereitgestellten Informationen.&nbsp; Haftungsanspr\u00fcche gegen die Betreiber der Website, die sich auf Sch\u00e4den materieller oder ideeller Art beziehen, welche durch die Nutzung oder Nichtnutzung der dargebotenen Informationen bzw. durch die Nutzung fehlerhafter und unvollst\u00e4ndiger Informationen verursacht wurden sind grunds\u00e4tzlich ausgeschlossen, sofern seitens der Betreiber kein nachweislich vors\u00e4tzliches oder grob fahrl\u00e4ssiges Verschulden vorliegt. Alle Angebote sind freibleibend und unverbindlich.&nbsp; Wir behalten es uns ausdr\u00fccklich vor, Teile der Seiten oder das gesamte Angebot ohne gesonderte Ank\u00fcndigung zu ver\u00e4ndern, zu erg\u00e4nzen, zu l\u00f6schen oder die Ver\u00f6ffentlichung zeitweise oder endg\u00fcltig einzustellen. Verweise und Links Sofern auf Verweisziele direkt oder indirekt durch Links verwiesen wird, die au\u00dferhalb des Verantwortungsbereichs der Betreiber liegen, haftet dieser nur dann, wenn er von den Inhalten Kenntnis hatte und es technisch m\u00f6glich und zumutbar w\u00e4re, die Nutzung im Falle rechtswidriger Inhalte zu verhindern. Wir erkl\u00e4ren hiermit ausdr\u00fccklich, dass zum Zeitpunkt der Linksetzung keine illegalen Inhalte auf den zu verlinkenden Seiten erkennbar waren. Auf die aktuelle und zuk\u00fcnftige Gestaltung, die Inhalte oder die Urheberschaft der verlinkten\/verkn\u00fcpften Seiten hat der Autor keinerlei Einfluss. F\u00fcr dar\u00fcber hinausgehende Inhalte und insbesondere f\u00fcr Sch\u00e4den, die aus der Nutzung oder Nichtnutzung solcherart dargebotener Informationen entstehen, haftet allein der Anbieter dieser Seiten, nicht derjenige, der \u00fcber Links auf die jeweilige Ver\u00f6ffentlichung verweist. Diese Einschr\u00e4nkung gilt gleicherma\u00dfen auch f\u00fcr Fremdeintr\u00e4ge in G\u00e4steb\u00fcchern und Foren.&nbsp; Wir verwenden Links nur, um unseren Besuchern die M\u00f6glichkeit zu geben, sich weitere Informationen zu beschaffen. Ein Link bedeutet jedoch nicht, dass wir die entsprechenden fremden Seiten empfehlen oder dass wir uns die Inhalte zu eigen machen. Rechtswirksamkeit des Haftungsausschlusses Dieser Haftungsausschluss ist Teil unseres Internetangebots, von dem auf diesen verwiesen wurde. Falls Teile oder Formulierungen des Texts nicht, nicht mehr oder nicht vollst\u00e4ndig der geltenden Rechtslage entsprechen sollten, bleiben die \u00fcbrigen Teile des Dokumentes in ihrem Inhalt und ihrer G\u00fcltigkeit davon unber\u00fchrt. Links Kreissch\u00fctzenverband Ohre-Kreis von 1993 e.V. Kreissportsch\u00fctzenverband B\u00f6rde von 1990 e.V. Landessch\u00fctzenverband Sachsen &#8211; Anhalt e.V. Landessportbund Sachsen &#8211; Anhalt Deutscher Sch\u00fctzenbund<\/p>\n","protected":false},"author":24,"featured_media":0,"parent":0,"menu_order":0,"comment_status":"closed","ping_status":"closed","template":"","meta":{"_cbd_carousel_blocks":"[]","footnotes":""},"categories":[],"tags":[],"class_list":["post-740","page","type-page","status-publish","hentry"],"publishpress_future_workflow_manual_trigger":{"enabledWorkflows":[]},"_links":{"self":[{"href":"https:\/\/sv-jersleben.de\/index.php?rest_route=\/wp\/v2\/pages\/740","targetHints":{"allow":["GET"]}}],"collection":[{"href":"https:\/\/sv-jersleben.de\/index.php?rest_route=\/wp\/v2\/pages"}],"about":[{"href":"https:\/\/sv-jersleben.de\/index.php?rest_route=\/wp\/v2\/types\/page"}],"author":[{"embeddable":true,"href":"https:\/\/sv-jersleben.de\/index.php?rest_route=\/wp\/v2\/users\/24"}],"replies":[{"embeddable":true,"href":"https:\/\/sv-jersleben.de\/index.php?rest_route=%2Fwp%2Fv2%2Fcomments&post=740"}],"version-history":[{"count":25,"href":"https:\/\/sv-jersleben.de\/index.php?rest_route=\/wp\/v2\/pages\/740\/revisions"}],"predecessor-version":[{"id":16096,"href":"https:\/\/sv-jersleben.de\/index.php?rest_route=\/wp\/v2\/pages\/740\/revisions\/16096"}],"wp:attachment":[{"href":"https:\/\/sv-jersleben.de\/index.php?rest_route=%2Fwp%2Fv2%2Fmedia&parent=740"}],"wp:term":[{"taxonomy":"category","embeddable":true,"href":"https:\/\/sv-jersleben.de\/index.php?rest_route=%2Fwp%2Fv2%2Fcategories&post=740"},{"taxonomy":"post_tag","embeddable":true,"href":"https:\/\/sv-jersleben.de\/index.php?rest_route=%2Fwp%2Fv2%2Ftags&post=740"}],"curies":[{"name":"wp","href":"https:\/\/api.w.org\/{rel}","templated":true}]}}