{"id":12577,"date":"2023-12-19T16:34:25","date_gmt":"2023-12-19T15:34:25","guid":{"rendered":"https:\/\/sv-jersleben.de\/?post_type=tribe_events&#038;p=12577"},"modified":"2023-12-19T16:34:25","modified_gmt":"2023-12-19T15:34:25","slug":"meldeschluss-herbstpokal-sv-eichenbarleben-2","status":"publish","type":"tribe_events","link":"https:\/\/sv-jersleben.de\/?tribe_events=meldeschluss-herbstpokal-sv-eichenbarleben-2","title":{"rendered":"Meldeschluss: Herbstpokal SV Eichenbarleben"},"content":{"rendered":"","protected":false},"excerpt":{"rendered":"<p>F\u00fcr weiterf\u00fchrende Informationen \u00f6ffne die Veranstaltung.<\/p>\n","protected":false},"author":24,"featured_media":0,"template":"","meta":{"_cbd_carousel_blocks":"[]","_tribe_events_status":"","_tribe_events_status_reason":"","footnotes":""},"tags":[],"tribe_events_cat":[91,97,85,9],"class_list":["post-12577","tribe_events","type-tribe_events","status-publish","hentry","tribe_events_cat-kreis","tribe_events_cat-meldung","tribe_events_cat-pokal","tribe_events_cat-wettkampf","cat_kreis","cat_meldung","cat_pokal","cat_wettkampf"],"publishpress_future_action":{"enabled":false,"date":"2026-05-06 23:48:12","action":"change-status","newStatus":"draft","terms":[],"taxonomy":"tribe_events_cat","extraData":[]},"publishpress_future_workflow_manual_trigger":{"enabledWorkflows":[]},"_links":{"self":[{"href":"https:\/\/sv-jersleben.de\/index.php?rest_route=\/wp\/v2\/tribe_events\/12577","targetHints":{"allow":["GET"]}}],"collection":[{"href":"https:\/\/sv-jersleben.de\/index.php?rest_route=\/wp\/v2\/tribe_events"}],"about":[{"href":"https:\/\/sv-jersleben.de\/index.php?rest_route=\/wp\/v2\/types\/tribe_events"}],"author":[{"embeddable":true,"href":"https:\/\/sv-jersleben.de\/index.php?rest_route=\/wp\/v2\/users\/24"}],"version-history":[{"count":1,"href":"https:\/\/sv-jersleben.de\/index.php?rest_route=\/wp\/v2\/tribe_events\/12577\/revisions"}],"predecessor-version":[{"id":12619,"href":"https:\/\/sv-jersleben.de\/index.php?rest_route=\/wp\/v2\/tribe_events\/12577\/revisions\/12619"}],"wp:attachment":[{"href":"https:\/\/sv-jersleben.de\/index.php?rest_route=%2Fwp%2Fv2%2Fmedia&parent=12577"}],"wp:term":[{"taxonomy":"post_tag","embeddable":true,"href":"https:\/\/sv-jersleben.de\/index.php?rest_route=%2Fwp%2Fv2%2Ftags&post=12577"},{"taxonomy":"tribe_events_cat","embeddable":true,"href":"https:\/\/sv-jersleben.de\/index.php?rest_route=%2Fwp%2Fv2%2Ftribe_events_cat&post=12577"}],"curies":[{"name":"wp","href":"https:\/\/api.w.org\/{rel}","templated":true}]}}

<p>Für weiterführende Informationen öffne die Veranstaltung.</p>
